9)?
3
Let c(o) = 2*o - 2. Let z be c(5). Let b(t) = -t**2 - 3*t - 2. Let i be b(-2). Let w = z - i. What is the units digit of w?
8
Let b(d) = -d**3 + 11*d**2 - 11*d + 5. Let o be b(10). Let i(h) = 3*h**2 + 5*h + 1. What is the units digit of i(o)?
1
Let k(g) = g - 2. What is the tens digit of k(16)?
1
Let x be (21/6)/(1/(-2)). Let l = x + 16. What is the units digit of l?
9
Suppose 0*k = 4*k - 12. What is the units digit of k?
3
What is the units digit of ((-7)/(-7))/((-3)/(-105))?
5
Suppose -4*k + 334 = -106. What is the units digit of k?
0
Let i(h) = -h**3 - 10*h**2 - 6*h + 4. What is the tens digit of i(-10)?
6
Let c = 117 + -48. Let s = c - 38. What is the units digit of s?
1
Suppose -c = -4*g + 488, 1877 = 2*c - 6*c + g. What is the units digit of c/(-28) + (-4)/(-14)?
7
Let n(m) = 4*m**2 + 4*m - 10. What is the hundreds digit of n(-6)?
1
Let c(d) = 7*d**2 - d. Let u be c(-1). Suppose 2*n + u = 3*o - 24, -52 = -4*o - 2*n. Suppose -4*r + 2*w + o = -4, r = 5*w + 4. What is the units digit of r?
4
Let j = 8 + -3. Suppose 0*w + w - 16 = 2*u, u + j = 0. What is the units digit of w?
6
Let s be 3 - ((-1)/1 + 5). Let a be ((-3 - s) + 2)*1. Suppose -4*l - 5*o + a = 1, 2 = -3*l - 5*o. What is the units digit of l?
1
Let u be (99 - -1)*(-2)/5. Let q be (2/4)/((-4)/u). Suppose -2*a = -q*a + 24. What is the units digit of a?
8
Let w be 1 + 0 + 0/(-3). What is the tens digit of 14 + 2 + (3 - w)?
1
Let r = 4 + -4. Let u(c) = -c - 3. Let f be u(-7). Suppose -f*m = -r*j - j + 30, -2*j + 3*m = -35. What is the tens digit of j?
1
Let p(w) = 2*w - 9. Let t(i) = i - 5. Let c(u) = 4*p(u) - 7*t(u). What is the units digit of c(4)?
3
Suppose -z + 5*z - 105 = 3*k, 4*k + 3*z = -115. Let g = 164 - 112. Let v = g + k. What is the tens digit of v?
2
Let s(t) = -t**3 + 2*t**2 + 4*t + 1. Let n be s(3). Suppose 2 = n*w - 6. Suppose -b + 3 = -w. What is the units digit of b?
5
Let z = -2 + 24. Suppose -4*g + 104 = 4*p, 5*g - 4*p + 11 = 6*g. Let j = g - z. What is the units digit of j?
9
Let d be ((-2)/3)/(2/87). Let z = d + 40. What is the units digit of z?
1
Let q be 1 - 4 - 176/(-8). Let z = q + -6. What is the tens digit of z?
1
Let y be (-33)/(-7) - 6/(-21). Suppose n + 17 - y = -3*o, 9 = -2*n - o. What is the units digit of n/9 - 31/(-3)?
0
Let z(g) = 19*g. Let a be z(-1). Let w be -1 + a + -1 + 1. What is the units digit of w/(-3) + 8/24?
7
Let b = -23 - -15. Let t = b + 12. Suppose 0 = 3*m - 2 - t. What is the units digit of m?
2
Let p = 43 - -6. Let a = 75 - p. What is the tens digit of a?
2
Let u = -6 - -8. Suppose 4*b - 6 + u = -2*i, 3*i + 3*b - 3 = 0. Let p(a) = -a**2 - a + 3. What is the units digit of p(i)?
3
Let c(h) = -h**3 - 7*h**2 + 3. Let n be (-1 + 0)/(4/28). Let f be c(n). Suppose s = 2 + f. What is the units digit of s?
5
Let n(z) = 7*z**2 + 12*z - 4. Let m(a) = 3*a**2 + 6*a - 2. Let v(b) = 5*m(b) - 2*n(b). Let w be v(-7). Suppose -k - 4 = -w*k. What is the units digit of k?
1
Let s = -13 - -15. What is the units digit of 7 - 3*s/(-3)?
9
Let a(j) be the first derivative of j**4/24 + 2*j**3 - j**2 - 1. Let r(q) be the second derivative of a(q). What is the tens digit of r(0)?
1
Let l = -6 + 3. What is the units digit of 4/16*(31 + l)?
7
Suppose 214 = m + 3*m - 2*z, -5*m - 4*z + 287 = 0. What is the tens digit of m?
5
Let d(g) = -g**3 - 4*g**2 + 9*g + 7. Let p be d(-6). Suppose -2*x - 7 - p = 0. Let c = -3 - x. What is the units digit of c?
3
Let h(g) = g**2 - 4*g - 1. What is the units digit of h(7)?
0
Suppose 3*j - k - 39 = 153, -4*j = -2*k - 254. What is the units digit of j?
5
Suppose 3*q - 5*r - 119 = 0, -2*q - q = r - 95. What is the tens digit of q?
3
Let v = -13 - -45. What is the units digit of v?
2
What is the units digit of 3/(-2) + (-1030)/(-20)?
0
Let f(q) = q**2 + 7*q - 5. Let r be f(-7). Let o(v) = -v**3 - 6*v**2 - 6*v + 4. What is the units digit of o(r)?
9
Let z(k) = 13*k - 39. Let a(c) = -7*c + 20. Let x(q) = -7*a(q) - 4*z(q). What is the units digit of x(-7)?
7
Suppose 3*o + 237 + 51 = 3*u, -292 = -3*u - o. What is the tens digit of u?
9
Let r = 6 - 3. Suppose -11 - 7 = -r*d. Let q = -2 + d. What is the units digit of q?
4
What is the units digit of (-4 - -3 - -5) + 3?
7
Let t(x) = 0*x - 3*x + 2*x. Suppose -2 = -s - 5. What is the units digit of t(s)?
3
Let u(g) = 2*g**2 + 13*g. What is the units digit of u(-9)?
5
What is the units digit of (-684)/(-2) - (5 - 0)?
7
Suppose -338 + 63 = -5*p. What is the tens digit of p?
5
Let g = 189 + -181. What is the units digit of g?
8
Let x = -8 - 20. Let q = x + 67. What is the units digit of q?
9
Let j(c) = c**3 - 3*c**2 - 1. Let o be j(3). What is the tens digit of 3 - o/(4/96)?
2
Let j(a) = 4*a + 11. Let h(p) = -7*p + 2. Let c(w) = -3*w + 1. Let b(i) = -9*c(i) + 4*h(i). Let u(s) = 5*b(s) + j(s). What is the units digit of u(0)?
6
Let l(j) = -5*j**3 - 6*j**2 - 5*j + 2. Let f(d) = 4*d**3 + 6*d**2 + 4*d - 1. Let z(b) = -6*f(b) - 5*l(b). What is the units digit of z(6)?
2
Let h(a) = 17*a - 49. What is the hundreds digit of h(19)?
2
Let x(s) = 4*s**3 - 4*s**2 + 7*s - 8. What is the units digit of x(3)?
5
Suppose -4*t = -t - 123. What is the units digit of t?
1
Suppose 4*p - 2 = 3*p. Suppose 7 = 4*d - r + p, r = -d. Suppose 4*y + d = 33. What is the units digit of y?
8
Suppose -4*o = -n - n - 68, 0 = 2*o + 3*n - 34. Suppose 0*d - o = -d + 2*l, -4*l = 2*d + 6. What is the units digit of d?
7
Suppose -5*t + 10*t = 260. What is the units digit of t?
2
Suppose 0 = -r + 1 - 2. What is the units digit of (r + (-17)/(-2))*2?
5
Suppose -4*j + 306 = -82. What is the units digit of j?
7
What is the tens digit of -1 - (-20 + 0 + -4)?
2
Let k = 15 - -32. Let w = k + -31. What is the tens digit of w?
1
Let j(r) be the third derivative of r**6/120 - r**5/30 - 5*r**4/24 - r**3/2 - r**2. Let t = -12 - -16. What is the units digit of j(t)?
9
Let c = 0 - -5. Suppose 0 = -4*m - b - b + 46, -c*m + 4*b = -90. What is the tens digit of m?
1
What is the units digit of (5 + -4)/(4/60)?
5
Let t be (-1)/(3/63*3). Let p be -2 - (2 + -4) - 5. Let m = p - t. What is the units digit of m?
2
Suppose -25 - 5 = 3*s. Let o be (-24)/s + (-12)/30. Suppose o*b - 19 = b. What is the tens digit of b?
1
Let l(a) = a**2 - 4*a + 1. Let o be l(5). Suppose v + 18 = 5*g, -v - o = g + 2*v. Suppose 0 = -8*z + g*z + 20. What is the units digit of z?
4
Let l = 74 + -184. Let a = l + 155. What is the tens digit of a?
4
Let l be (0 - 1)/(3/33). Let k(m) = -2*m + 5. What is the tens digit of k(l)?
2
Let a(i) = 12*i + 2. Let p be a(4). Let f = p + -78. What is the units digit of (12/(-14))/(4/f)?
6
Let w(s) = 4*s - 3 + 4 - 7*s. Let l = 0 - 1. What is the units digit of w(l)?
4
Let p = -6 + 10. Let f = 6 - p. What is the units digit of f?
2
Suppose -3*m = 1 + 5, 2*m - 120 = -2*h. What is the tens digit of h?
6
Let r be (-20)/(-9) - (-2)/(-9). What is the units digit of 1 + r - 2/(-2)?
4
Let a(s) be the first derivative of -s**4/4 - s**2/2 - s - 4. Suppose 2*k + 14 = 3*y, -4 - 20 = 4*k - 5*y. What is the units digit of a(k)?
1
Suppose -4*t = -3*v + 424, t = -4*v - 2*t + 557. Suppose -v = -y - 4*y. What is the units digit of y?
8
Let j(s) = s**3 - 6*s**2 + 6*s - 6. What is the units digit of j(6)?
0
Let j(a) = 7*a - 9. Let g(y) = y**2 - 9*y - 5. Let i be g(10). What is the units digit of j(i)?
6
What is the units digit of 98 - (1/(-3 + 2) - -2)?
7
Let l be (-12)/(-54) + (-25)/(-9). What is the tens digit of (18/(-12))/(l/(-46))?
2
Suppose 0 = 3*w + 5*v + 5, -5*w + 17 = 4*v - 2*v. What is the units digit of w?
5
Suppose -81 = -2*d + h + 47, 0 = 4*h. What is the tens digit of d?
6
Suppose -l + 27 = 2*o, 3*l + 43 = 4*o - 16. What is the units digit of o?
4
Let f(b) = -b**3 + b**2 - 2. Let g be f(0). What is the units digit of 60/9 + g/(-6)?
7
What is the tens digit of 2/(-4) - (-67)/2?
3
Let f(u) = u**3 - 3*u**2 + 2*u - 2. Let r be (-10)/4*(-18)/15. Let o be f(r). Suppose 0 = -k - 3 + o. What is the units digit of k?
1
What is the units digit of 0 - 1 - (-83)/1?
2
Let k(r) = r**2 - 3*r + 4. Let p be k(-3). Suppose -p - 3 = -5*i. What is the units digit of i?
5
Let q(a) = 2*a + 39. What is the tens digit of q(7)?
5
Let b(d) = d**2 - 4*d + 10. What is the tens digit of b(9)?
5
Let a = -26 + 11. Let v = -14 - -7. Let p = v - a. What is the units digit 